What is the units digit of 4026?
6
What is the units digit of 906?
6
What is the units digit of 16340?
0
What is the hundreds digit of 3225?
2
What is the units digit of 2181?
1
What is the thousands digit of 55419?
5
What is the units digit of 11353?
3
What is the units digit of 722?
2
What is the tens digit of 89497?
9
What is the thousands digit of 149146?
9
What is the hundreds digit of 4655?
6
What is the tens digit of 171?
7
What is the hundreds digit of 11016?
0
What is the ten thousands digit of 65071?
6
What is the units digit of 95228?
8
What is the tens digit of 27033?
3
What is the units digit of 5749?
9
What is the units digit of 44472?
2
What is the units digit of 1090?
0
What is the units digit of 120855?
5
What is the hundreds digit of 7521?
5
What is the ten thousands digit of 11936?
1
What is the tens digit of 1280?
8
What is the tens digit of 1501?
0
What is the thousands digit of 2542?
2
What is the thousands digit of 38842?
8
What is the ten thousands digit of 59926?
5
What is the thousands digit of 3756?
3
What is the hundreds digit of 40468?
4
What is the units digit of 66066?
6
What is the hundreds digit of 24287?
2
What is the units digit of 30054?
4
What is the thousands digit of 6074?
6
What is the tens digit of 7898?
9
What is the tens digit of 2313?
1
What is the ten thousands digit of 30905?
3
What is the units digit of 50087?
7
What is the tens digit of 7264?
6
What is the units digit of 8741?
1
What is the tens digit of 9354?
5
What is the hundreds digit of 14602?
6
What is the units digit of 591?
1
What is the units digit of 2272?
2
What is the units digit of 7280?
0
What is the ten thousands digit of 21467?
2
What is the thousands digit of 9481?
9
What is the units digit of 8999?
9
What is the hundreds digit of 58979?
9
What is the tens digit of 4141?
4
What is the units digit of 961?
1
What is the hundreds digit of 237?
2
What is the units digit of 435?
5
What is the tens digit of 3835?
3
What is the tens digit of 7857?
5
What is the tens digit of 68727?
2
What is the ten thousands digit of 13191?
1
What is the tens digit of 15415?
1
What is the thousands digit of 1039?
1
What is the hundreds digit of 15689?
6
What is the tens digit of 1311?
1
What is the hundreds digit of 5231?
2
What is the units digit of 11308?
8
What is the tens digit of 1690?
9
What is the ten thousands digit of 10060?
1
What is the units digit of 294?
4
What is the tens digit of 113845?
4
What is the hundreds digit of 24214?
2
What is the ten thousands digit of 31801?
3
What is the units digit of 152804?
4
What is the hundreds digit of 18026?
0
What is the units digit of 21076?
6
What is the units digit of 21328?
8
What is the thousands digit of 5869?
5
What is the ten thousands digit of 133058?
3
What is the hundreds digit of 943?
9
What is the tens digit of 98075?
7
What is the units digit of 6554?
4
What is the hundreds digit of 27364?
3
What is the ten thousands digit of 55394?
5
What is the units digit of 36137?
7
What is the thousands digit of 2380?
2
What is the ten thousands digit of 21908?
2
What is the units digit of 1715?
5
What is the hundreds digit of 67395?
3
What is the tens digit of 36492?
9
What is the units digit of 107343?
3
What is the tens digit of 7085?
8
What is the hundreds digit of 99885?
8
What is the tens digit of 11032?
3
What is the tens digit of 1247?
4
What is the hundreds digit of 5873?
8
What is the tens digit of 931?
3
What is the units digit of 16085?
5
What is the hundreds digit of 778?
7
What is the hundreds digit of 100700?
7
What is the thousands digit of 14078?
4
What is the tens digit of 5496?
9
What is the hundreds digit of 427?
4
What is the tens digit of 156470?
7
What is the thousands digit of 11482?
1
What is the hundreds digit of 118474?
4
What is the tens digit of 8334?
3
What is the thousands digit of 49846?
9
What is the thousands digit of 188803?
8
What is the hundreds digit of 88979?
9
What is the units digit of 4560?
0
What is the thousands digit of 2683?
2
What is the units digit of 174?
4
What is the tens digit of 22541?
4
What is the thousands digit of 176453?
6
What is the units digit of 726?
6
What is the tens digit of 48303?
0
What is the ten thousands digit of 21938?
2
What is the units digit of 1684?
4
What is the tens digit of 1126?
2
What is the tens digit of 142606?
0
What is the thousands digit of 2467?
2
What is the tens digit of 16477?
7
What is the thousands digit of 16271?
6
What is the units digit of 363?
3
What is the tens digit of 362?
6
What is the hundreds digit of 983?
9
What is the units digit of 34346?
6
What is the tens digit of 518?
1
What is the hundreds digit of 3262?
2
What is the hundreds digit of 8321?
3
What is the units digit of 35523?
3
What is the tens digit of 2403?
0
What is the thousands digit of 35834?
5
What is the thousands digit of 1691?
1
What is the tens digit of 2202?
0
What is the thousands digit of 8473?
8
What is the ten thousands digit of 45044?
4
What is the hundreds digit of 811?
8
What is the units digit of 8806?
6
What is the thousands digit of 3910?
3
What is the tens digit of 37309?
0
What is the tens digit of 96?
9
What is the tens digit of 28906?
0
What is the thousands digit of 1743?
1
What is the units digit of 1002?
2
What is the tens digit of 6700?
0
What is the hundreds digit of 60344?
3
What is the units digit of 79437?
7
What is the thousands digit of 35909?
5
What is the hundreds digit of 152303?
3
What is the tens digit of 796?
9
What is the ten thousands digit of 40973?
4
What is the units digit of 7024?
4
What is the units digit of 3940?
0
What is the tens digit of 189?
8
What is the thousands digit of 3986?
3
What is the tens digit of 2227?
2
What is the hundreds digit of 29377?
3
What is the tens digit of 1603?
0
What is the thousands digit of 2178?
2
What is the units digit of 6869?
9
What is the hundreds digit of 2901?
9
What is the hundred thousands digit of 129558?
1
What is the thousands digit of 58013?
8
What is the hundreds digit of 37558?
5
What is the thousands digit of 21851?
1
What is the hundreds digit of 109245?
2
What is the thousands digit of 4105?
4
What is the hundreds digit of 1548?
5
What is the units digit of 368?
8
What is the units digit of 1391?
1
What is the units digit of 2485?
5
What is the tens digit of 3250?
5
What is the units digit of 16845?
5
What is the tens digit of 6642?
4
What is the units digit of 224?
4
What is the thousands digit of 1164?
1
What is the ten thousands digit of 11749?
1
What is the tens digit of 5944?
4
What is the tens digit of 197?
9
What is the hundreds digit of 3174?
1
What is the units digit of 852?
2
What is the thousands digit of 51454?
1
What is the units digit of 14564?
4
What is the hundreds digit of 118?
1
What is the ten thousands digit of 14026?
1
What is the tens digit of 792?
9
What is the units digit of 412?
2
What is the hundreds digit of 102069?
0
What is the thousands digit of 34652?
4
What is the units digit of 6153?
3
What is the tens digit of 6741?
4
What is the ten thousands digit of 14327?
1
What is the hundreds digit of 8521?
5
What is the units digit of 21983?
3
What is the units digit of 2070?
0
What is the hundreds digit of 10743?
7
What is the hundreds digit of 35193?
1
What is the tens digit of 56755?
5
What is the thousands digit of 93750?
3
What is the tens digit of 767?
6
What is the units digit of 4309?
9
What is the hundreds digit of 2271?
2
What is the units digit of 820?
0
What is the thousands digit of 7116?
7
What is the thousands digit of 1402?
1
What is the hundreds digit of 35929?
9
What is the thousands digit of 1144?
1
What is the thousands digit of 3488?
3
What is the hundreds digit of 29224?
2
What is the units digit of 737?
7
What is the hundreds digit of 526?
5
What is the thousands digit of 1942?
1
What is the ten thousands digit of 15367?
1
What is the units digit of 2101?
1
What is the thousands digit of 3495?
3
What is the units digit of 29111?
1
What is the thousands digit of 17519?
7
What is the tens digit of 4950?
5
What is the thousands digit of 2808?
2
What is the units digit of 93957?
7
What is the ten thousands digit of 28090?
2
What is the tens digit of 77634?
3
What is the thousands digit of 1591?
1
